{"id":2292,"date":"2021-09-08T09:40:36","date_gmt":"2021-09-08T07:40:36","guid":{"rendered":"https:\/\/rsktaborniki.si\/?page_id=2292"},"modified":"2026-03-18T07:09:12","modified_gmt":"2026-03-18T06:09:12","slug":"zlet-2022-2","status":"publish","type":"page","link":"https:\/\/rsktaborniki.si\/index.php\/zlet-2022-2\/","title":{"rendered":"RAZPIS TEKMOVANJA"},"content":{"rendered":"\n<p>Taborniki Rodu Severni kurir vas vabimo na No\u010dno orientacijo Koro\u0161ke (NOK) 2026, \u010disto nov orientacijski izziv v na\u0161i regiji. Dogodek je zasnovan kot prilo\u017enost za preizkus orientacijskih spretnosti, ekipnega sodelovanja in iznajdljivosti v no\u010dnih razmerah.&nbsp;<\/p>\n\n\n\n<p>Tekmovanje bo udele\u017eence popeljalo po razgibanem koro\u0161kem terenu, kjer bodo na kontrolnih to\u010dkah re\u0161evali naloge, ki zahtevajo prakti\u010dno znanje, logi\u010dno razmi\u0161ljanje in dobro ekipno usklajenost.&nbsp;<\/p>\n\n\n\n<p>S tem tekmovanjem \u017eelimo povezati tabornike in ljubitelje orientacije iz \u0161ir\u0161e regije, spodbuditi aktivno pre\u017eivljanje prostega \u010dasa v naravi ter ustvariti prostor za dru\u017eenje, sodelovanje in razvijanje ve\u0161\u010din, ki krepijo samozavest in odgovornost.&nbsp;<\/p>\n\n\n\n<p>Vabljeni, da postanete del zgodbe prvega tekmovanja NOK in z nami soustvarite nov orientacijski izziv na Koro\u0161kem.&nbsp;<gwmw style=\"display:none;\"><\/gwmw><\/p>\n\n\n\n<hr class=\"wp-block-separator has-alpha-channel-opacity\"\/>\n\n\n\n<p class=\"has-medium-font-size\"><mark style=\"background-color:rgba(0, 0, 0, 0);color:#283a75\" class=\"has-inline-color\"><strong>OSNOVNE INFORMACIJE<\/strong><\/mark><\/p>\n\n\n\n<p><strong>Datum<\/strong>: Od sobote, 28. 3. do nedelje, 29. 3. 2026<\/p>\n\n\n\n<p><strong>Prihod in registracija ekip<\/strong>: Tekmovalce pri\u010dakujemo v soboto\u202f<strong>med 17:00 in 18:30 uro<\/strong>. Takrat morajo ekipe na info to\u010dki potrditi prijavo.<gwmw style=\"display: none; background-color: transparent;\"><\/gwmw><\/p>\n\n\n\n<p><strong>Zbor ekip\u202f<\/strong>bo ob \u202f<strong>19:00 na igri\u0161\u010du pred \u0161olo.<\/strong>\u202fZaklju\u010dek tekmovanja in razglasitev&nbsp;rezultatov&nbsp;sta predvidena&nbsp;v\u202fnedeljo&nbsp;okoli<strong>&nbsp;12:00.<\/strong>&nbsp;<gwmw style=\"display: none; background-color: transparent;\"><\/gwmw><\/p>\n\n\n\n<hr class=\"wp-block-separator has-alpha-channel-opacity\"\/>\n\n\n\n<p class=\"has-medium-font-size\"><strong><mark style=\"background-color:rgba(0, 0, 0, 0);color:#283a75\" class=\"has-inline-color\">LOKACIJA<\/mark><\/strong><\/p>\n\n\n\n<p><strong>Prva Osnovna \u0161ola Slovenj Gradec<\/strong> \/ \u0160ercerjeva 7, 2380 Slovenj Gradec<gwmw style=\"display: none; background-color: transparent;\"><\/gwmw><gwmw style=\"display:none;\"><\/gwmw><\/p>\n\n\n\n<hr class=\"wp-block-separator has-alpha-channel-opacity\"\/>\n\n\n\n<p><strong>PRIJAVE<\/strong><\/p>\n\n\n\n<p>Prijava je veljavna\u202f<strong>samo ob pla\u010dani&nbsp;\u0161tartnini&nbsp;<\/strong>z navedenim imenom ekipe<strong>.<\/strong>&nbsp;<\/p>\n\n\n\n<p>Prijave bodo odprte do <strong>20. marca 2026 <\/strong>oziroma do zapolnitve mest.<gwmw style=\"display:none;\"><\/gwmw><\/p>\n\n\n\n<div class=\"wp-block-buttons is-layout-flex wp-block-buttons-is-layout-flex\">\n<div class=\"wp-block-button\"><a class=\"wp-block-button__link has-cyan-bluish-gray-background-color has-background wp-element-button\" href=\"https:\/\/forms.office.com\/pages\/responsepage.aspx?id=O0LG5ROaT0ifoO4G98xZ39UX36lu-UhIpg_eXRQSN9tUMVMzVDJDRDBaVkNGTkpDRkVRTEFSMUJMUS4u&amp;route=shorturl\" style=\"border-top-left-radius:12px;border-top-right-radius:12px;border-bottom-left-radius:12px;border-bottom-right-radius:12px\">PRIJAVI EKIPO TUKAJ<\/a><\/div>\n<\/div>\n\n\n\n<p>Prijavo bomo ob pla\u010dani&nbsp;\u0161tartnini&nbsp;potrdili s poslanim&nbsp;mailom vodji ekipe.&nbsp;<\/p>\n\n\n\n<p>Kontakt za dodatne informacije:&nbsp;<a href=\"mailto:info@rsktaborniki.si\" target=\"_blank\" rel=\"noreferrer noopener\">info@rsktaborniki.si<\/a>&nbsp;<\/p>\n\n\n\n<p><strong>Ob odjavi ekipe<\/strong>&nbsp;s tekmovanja vrnemo del&nbsp;\u0161tartnine&nbsp;glede na nastale stro\u0161ke. V primeru, da se ekipa odjavi v zadnjih dneh pred tekmovanjem,&nbsp;\u0161tartnine&nbsp;ne vra\u010damo.&nbsp;<gwmw style=\"display:none;\"><\/gwmw><gwmw style=\"display:none;\"><\/gwmw><\/p>\n\n\n\n<hr class=\"wp-block-separator has-alpha-channel-opacity\"\/>\n\n\n\n<p><strong>\u0160TARTNINA<\/strong><gwmw style=\"display:none;\"><\/gwmw><\/p>\n\n\n\n<p>\u0160tartnina&nbsp;na ekipo zna\u0161a\u202f<strong>40\u20ac<\/strong>\u202fin mora biti poravnana do za\u010detka samega tekmovanja. Cena&nbsp;je enaka&nbsp;ne glede na datum prijave in \u0161tevilo tekmovalcev v ekipi.&nbsp;<gwmw style=\"display:none;\"><\/gwmw><\/p>\n\n\n\n<p><strong>Kaj \u0161tartnina vklju\u010duje:<\/strong><\/p>\n\n\n\n<ul class=\"wp-block-list\">\n<li>Bro\u0161ko za rutico<\/li>\n\n\n\n<li>Malica (sendvi\u010d) in zajtrk<\/li>\n\n\n\n<li>Nagrade<\/li>\n\n\n\n<li>Organizacijske stro\u0161ke tekmovanja<\/li>\n<\/ul>\n\n\n\n<p><strong>INFORMACIJE ZA PLA\u010cILO<\/strong><\/p>\n\n\n\n<ul class=\"wp-block-list\">\n<li>Dru\u0161tvo Tabornikov Rod Severni kurir&nbsp;<\/li>\n\n\n\n<li>Cankarjeva ulica 21, 2380 Slovenj Gradec<\/li>\n\n\n\n<li>Dav\u010dna \u0161t.: 2876 1219&nbsp;<\/li>\n\n\n\n<li>TRR: SI56 6000 0000 0854 738<\/li>\n\n\n\n<li><a href=\"mailto:info@rsktaborniki.si\" target=\"_blank\" rel=\"noreferrer noopener\">info@rsktaborniki.si<\/a>&nbsp;<\/li>\n\n\n\n<li>Namen pla\u010dila: ime ekipe NOK2026<\/li>\n\n\n\n<li><strong>Rok pla\u010dila:&nbsp;petek, 27.&nbsp;3.&nbsp;2026<\/strong>&nbsp;<gwmw style=\"display:none;\"><\/gwmw><gwmw style=\"display: none; background-color: transparent;\"><\/gwmw><gwmw style=\"display: none; background-color: transparent;\"><\/gwmw><gwmw style=\"display:none;\"><\/gwmw><gwmw style=\"display:none;\"><\/gwmw><gwmw style=\"display:none;\"><\/gwmw><\/li>\n<\/ul>\n\n\n\n<hr class=\"wp-block-separator has-alpha-channel-opacity\"\/>\n\n\n\n<p><strong>SPORTIDENT<\/strong><strong><\/strong><\/p>\n\n\n\n<p>Na tekmovanju bomo uporabljali sistem&nbsp;Sportident. \u010cip si lahko izposodite ob prijavi ali uporabljate lastnega. Za izposojen \u010dip ob pla\u010dilu&nbsp;\u0161tartnine\u202f<strong>dopla\u010date&nbsp;kavcijo v vi\u0161ini 10&nbsp;\u20ac,&nbsp;<\/strong>ki bo vrnjena na koncu tekmovanja ob vrnitvi \u010dipa.&nbsp;V spletni prijavnici navedite, ali boste uporabljali svoj ali izposojen \u010dip.&nbsp;&nbsp;<\/p>\n\n\n\n<p>V primeru izgube&nbsp;\u010dipa&nbsp;vam bo dodatno zara\u010dunan&nbsp;stro\u0161ek&nbsp;nabave&nbsp;novega \u010dipa v\u202f<strong>vrednosti 30\u20ac<\/strong>.&nbsp;<gwmw style=\"display:none;\"><\/gwmw><gwmw style=\"display:none;\"><\/gwmw><\/p>\n\n\n\n<hr class=\"wp-block-separator has-alpha-channel-opacity\"\/>\n\n\n\n<p><strong>OBVEZNA OPREMA<\/strong><\/p>\n\n\n\n<p>Obvezna oprema udele\u017eencev:&nbsp;<gwmw style=\"display:none;\"><\/gwmw><\/p>\n\n\n\n<ul class=\"wp-block-list\">\n<li>Veljaven osebni dokument in zdravstvena&nbsp;izkaznica&nbsp;<\/li>\n\n\n\n<li>Odsevni trak, obla\u010dilo ali obesek&nbsp;<\/li>\n\n\n\n<li>Podloga za spanje in spalna vre\u010da&nbsp;<gwmw style=\"display: none; background-color: transparent;\"><\/gwmw><gwmw style=\"display:none;\"><\/gwmw><gwmw style=\"display:none;\"><\/gwmw><gwmw style=\"display:none;\"><\/gwmw><\/li>\n<\/ul>\n\n\n\n<p>Obvezna oprema ekipe:&nbsp;<\/p>\n\n\n\n<ul class=\"wp-block-list\">\n<li>Mobilni telefon&nbsp;<\/li>\n\n\n\n<li>Svetilka&nbsp;<\/li>\n\n\n\n<li>Pribor za vrisovanje&nbsp;<gwmw style=\"display: none; background-color: transparent;\"><\/gwmw><gwmw style=\"display:none;\"><\/gwmw><gwmw style=\"display:none;\"><\/gwmw><\/li>\n<\/ul>\n\n\n\n<hr class=\"wp-block-separator has-alpha-channel-opacity\"\/>\n\n\n\n<p><strong>KATEGORIJE<\/strong><\/p>\n\n\n\n<p>Vsaka ekipa lahko \u0161teje&nbsp;le&nbsp;od&nbsp;<strong>tri&nbsp;do&nbsp;pet&nbsp;\u010dlanov<\/strong>.&nbsp;<\/p>\n\n\n\n<p>Starost se gleda po koledarskem letu.&nbsp;<\/p>\n\n\n\n<p><strong>GG MLAJ\u0160I:<\/strong> Letnik rojstva 2014 &#8211; 2013<\/p>\n\n\n\n<p><strong>GG STAREJ\u0160I: <\/strong> Letnik rojstva 2011 &#8211; 2012<\/p>\n\n\n\n<p><strong>PP+: <\/strong>Letnik rojstva 2010 in starej\u0161i<\/p>\n\n\n\n<p>Samo en \u010dlan ekipe je lahko za leto mlaj\u0161i ali starej\u0161i od kategorije ekipe.&nbsp;V kategoriji PP+ lahko tekmujejo samo tekmovalci, ki bodo v koledarskem letu dopolnili 16 let. Navzgor ni omejitve.&nbsp;<\/p>\n\n\n\n<p><strong>Pravila o starostni omejitvi se bomo na tekmovanju dosledno dr\u017eali in bomo preverjali resni\u010dnost podatkov z osebnim dokumentom.<\/strong>&nbsp;<gwmw style=\"display: none; background-color: transparent;\"><\/gwmw><gwmw style=\"display: none; background-color: transparent;\"><\/gwmw><\/p>\n\n\n\n<hr class=\"wp-block-separator has-alpha-channel-opacity\"\/>\n\n\n\n<p><strong>POTRDILO ZA MLADOLETNE<\/strong><\/p>\n\n\n\n<p>Vsi mladoletni tekmovalci morajo na tekmovanje s seboj prinesti tudi podpisano izjavo o sodelovanju. Brez potrdila udele\u017eba na tekmovanju ne bo mogo\u010da.<\/p>\n\n\n\n<div class=\"wp-block-file\"><a id=\"wp-block-file--media-aaf9a208-bee1-4405-a531-da8b43df2c61\" href=\"https:\/\/rsktaborniki.si\/wp-content\/uploads\/2026\/03\/Potrdilo-za-mladoletne-udelezence-tekmovanja-NOK-2026.pdf\">Potrdilo za mladoletne udele\u017eence tekmovanja NOK 2026<\/a><a href=\"https:\/\/rsktaborniki.si\/wp-content\/uploads\/2026\/03\/Potrdilo-za-mladoletne-udelezence-tekmovanja-NOK-2026.pdf\" class=\"wp-block-file__button wp-element-button\" download aria-describedby=\"wp-block-file--media-aaf9a208-bee1-4405-a531-da8b43df2c61\">Prenos<\/a><\/div>\n\n\n\n<p><strong>POTRDILO ZA POLNOLETNE<\/strong><\/p>\n\n\n\n<p>Vsi polnoletni tekmovalci morajo na tekmovanje s seboj prinesti tudi podpisano potrdilo o sodelovanju. Brez slednjega udele\u017ebana tekmovanju ne bo mogo\u010da. Potrdila za polnoletne bodo na voljo tudi na infoto\u010dki tekmovanja.<gwmw style=\"display:none;\"><\/gwmw><\/p>\n\n\n\n<div class=\"wp-block-file has-white-background-color has-background\"><a id=\"wp-block-file--media-e997d6d2-3606-4916-be51-4a820a4f09f4\" href=\"https:\/\/rsktaborniki.si\/wp-content\/uploads\/2026\/03\/Potrdilo-za-polnoletne-udelezence-tekmovanja-NOK-2026.pdf\">Potrdilo za polnoletne udele\u017eence tekmovanja NOK 2026<\/a><a href=\"https:\/\/rsktaborniki.si\/wp-content\/uploads\/2026\/03\/Potrdilo-za-polnoletne-udelezence-tekmovanja-NOK-2026.pdf\" class=\"wp-block-file__button wp-element-button\" download aria-describedby=\"wp-block-file--media-e997d6d2-3606-4916-be51-4a820a4f09f4\">Prenos<\/a><\/div>\n\n\n\n<hr class=\"wp-block-separator has-alpha-channel-opacity\"\/>\n\n\n\n<p><strong>NALOGE NA TEKMOVANJU:<\/strong><gwmw style=\"display:none;\"><\/gwmw><\/p>\n\n\n\n<ul class=\"wp-block-list\">\n<li>Kurjenje ognja<\/li>\n\n\n\n<li>Minsko polje \/ Mlaj\u0161i boom &#8211; bombe<\/li>\n\n\n\n<li>No\u010dna signalizacija<\/li>\n\n\n\n<li>Vrisovanje KT to\u010dke<\/li>\n\n\n\n<li>Kdor zna zna<\/li>\n\n\n\n<li>Skrit KT<\/li>\n\n\n\n<li>Topo test<\/li>\n\n\n\n<li>Za dodatne to\u010dke bo potekal&nbsp;<strong>turnir v pihanju sve\u010de<\/strong>.&nbsp;<gwmw style=\"display:none;\"><\/gwmw><\/li>\n<\/ul>\n\n\n\n<p><gwmw style=\"display:none;\"><\/gwmw><\/p>\n\n\n\n<p><\/p>\n","protected":false},"excerpt":{"rendered":"<p>Taborniki Rodu Severni kurir vas vabimo na No\u010dno orientacijo Koro\u0161ke (NOK) 2026, \u010disto nov orientacijski izziv v na\u0161i regiji. Dogodek je zasnovan kot prilo\u017enost za preizkus orientacijskih spretnosti, ekipnega sodelovanja&hellip; <br \/> <a class=\"read-more\" href=\"https:\/\/rsktaborniki.si\/index.php\/zlet-2022-2\/\">Read more<\/a><\/p>\n","protected":false},"author":2,"featured_media":0,"parent":0,"menu_order":0,"comment_status":"closed","ping_status":"closed","template":"","meta":{"footnotes":""},"class_list":["post-2292","page","type-page","status-publish","hentry"],"_links":{"self":[{"href":"https:\/\/rsktaborniki.si\/index.php\/wp-json\/wp\/v2\/pages\/2292","targetHints":{"allow":["GET"]}}],"collection":[{"href":"https:\/\/rsktaborniki.si\/index.php\/wp-json\/wp\/v2\/pages"}],"about":[{"href":"https:\/\/rsktaborniki.si\/index.php\/wp-json\/wp\/v2\/types\/page"}],"author":[{"embeddable":true,"href":"https:\/\/rsktaborniki.si\/index.php\/wp-json\/wp\/v2\/users\/2"}],"replies":[{"embeddable":true,"href":"https:\/\/rsktaborniki.si\/index.php\/wp-json\/wp\/v2\/comments?post=2292"}],"version-history":[{"count":27,"href":"https:\/\/rsktaborniki.si\/index.php\/wp-json\/wp\/v2\/pages\/2292\/revisions"}],"predecessor-version":[{"id":3815,"href":"https:\/\/rsktaborniki.si\/index.php\/wp-json\/wp\/v2\/pages\/2292\/revisions\/3815"}],"wp:attachment":[{"href":"https:\/\/rsktaborniki.si\/index.php\/wp-json\/wp\/v2\/media?parent=2292"}],"curies":[{"name":"wp","href":"https:\/\/api.w.org\/{rel}","templated":true}]}}